Let h = -6 + 11. Determine j(h).
-2
Let b(m) be the second derivative of -m**5/20 + m**4/2 - 4*m**3/3 + 9*m**2/2 - 154*m. What is b(5)?
-6
Let c(w) = -4*w**2 - 3*w - 7. Let v(q) = -3*q**2 - 2*q - 5. Let n(m) = -5*c(m) + 7*v(m). Calculate n(3).
-6
Let u = 448 + -442. Let z(v) = -v**2 - 2*v + 2. Calculate z(u).
-46
Let q be (-12)/(0 + 3)*-1. Suppose -4*n + 0 - 1 = -3*a, q*n + 3*a = -7. Let z(u) = 7*u. Calculate z(n).
-7
Let h(q) = -q**3 + 7*q**2 - 2*q + 2. Suppose 18 = -10*m + 13*m. Suppose -m*o + 21 = -21. Calculate h(o).
-12
Let o be 5/(-1) + 1500/(-125). Let u(h) = h**3 + 17*h**2 + 3*h + 56. Determine u(o).
5
Let v(b) = 4*b - 77. Let g be v(20). Let u(n) = -2*n**2 + n - 3. Calculate u(g).
-18
Let j(u) = -u**2 + 7*u + 8. Let o(b) = 3*b - 5. Let r be o(4). Calculate j(r).
8
Let c(u) be the first derivative of 3*u**4 - u**3/3 - u**2/2 - u + 3. Let m be 3/30 + (-78)/(-20) + -5. Determine c(m).
-13
Let i be 6/27 - 274/18. Let s = -22 - i. Let b(z) = z**2 + 7*z + 6. Calculate b(s).
6
Let x(p) = -3 - 1 - 2*p + 2 - 4 + p. Give x(-9).
3
Suppose 0 = 12*y + 3 - 75. Let r(q) = -q + 0*q**2 - 2*q**3 - q**2 + y*q**3 - q**2. Determine r(2).
22
Let j(m) be the first derivative of 6 - 1/2*m**2 + 0*m - 1/60*m**5 + 0*m**4 - 1/2*m**3. Let q(v) be the second derivative of j(v). Give q(3).
-12
Let x(s) be the second derivative of -s**7/2520 + s**6/360 - s**5/120 + s**4/4 + 14*s. Let y(r) be the third derivative of x(r). Determine y(3).
-4
Let m(a) = a**2 - 6*a - 5. Let p(t) = 11*t + 151. Let d be p(-13). Give m(d).
11
Let v(x) = x**3 - 6*x**2 - x + 6. Let b be v(6). Let o(a) = -a**2 - 15. What is o(b)?
-15
Let p(y) = 9*y + 3. Let s(o) = -11*o - 4. Let u(f) = -5*p(f) - 4*s(f). Let q be 39/26 - 2/4. What is u(q)?
0
Let j(z) be the first derivative of z**4/4 + 2*z**3/3 - 5*z**2/2 - 2*z + 3. Let w be j(-3). Let k(i) = 0*i - 3 + i + 1. Calculate k(w).
2
Let d(m) = -m**3 + 10*m**2 + 28*m - 46. Let s be d(12). Let b(c) = 7*c. Give b(s).
14
Let m(f) be the third derivative of f**6/120 - 3*f**5/20 - f**4/8 + 13*f**3/6 - 8*f**2 + 4. Give m(9).
-14
Let f(y) be the first derivative of -5*y**4 + y**3/3 + 35. Determine f(-1).
21
Suppose 0 = -2*c - 3*c. Let z(w) be the third derivative of -w**5/60 + 5*w**4/24 - w**3/3 + 37*w**2. Let s(q) = -q + 1. Let p(y) = -4*s(y) - z(y). What is p(c)?
-2
Let i(h) = h**2 - 14*h + 8. Let s be 3 - (-20)/(-8) - (-50)/4. Calculate i(s).
-5
Let m(l) = -l**2 + 5*l + 1. Suppose -17 = -5*b + 2*z, 2*b + z + 3 = 8. Suppose b*w - 2 = 4*w, 8 = y - w. Calculate m(y).
-5
Let l(i) be the second derivative of 0 - 1/3*i**3 + 5*i - i**2. Let x be 1 - ((-8 - 0)/(-2) - -1). What is l(x)?
6
Let v(o) be the third derivative of -3*o**6/40 - o**5/20 + o**4/8 - o**3/6 - 397*o**2. Give v(1).
-10
Let j(b) be the first derivative of -b**4/4 + 8. Let y(f) = 11*f**2 + 9*f - 11. Let c(p) = -j(p) + y(p). Determine c(-10).
-1
Let q(d) = -3*d - 26. Let m(r) = 5*r + 47. Let o(v) = 4*m(v) + 7*q(v). Give o(-5).
11
Let a(b) = -b**2 + 4*b + 2. Let y(f) = f**2 - 4*f - 2. Let h(j) = -4*a(j) - 3*y(j). What is h(3)?
-5
Let j(s) be the first derivative of -5*s**2/2 + 4*s + 51. Calculate j(-3).
19
Let p(m) = 2*m + 6. Let s be (-8)/(-12)*(-6)/(-4). Let t be 20/4 + -2*s. Let x = t + -9. Calculate p(x).
-6
Let n be ((-12)/8)/(3/(-6)). Let z(v) = 23*v - 6*v**2 + 2 - 26*v + n*v**2 + v**3. Let h be z(3). Let d(a) = a**3 + 6*a**2 - 7*a - 3. Determine d(h).
-3
Suppose 0 = 3*g, -4*t + g + g + 16 = 0. Let s(c) = 1 + 4 - 10 + t*c. Let l be (-62)/(-14) + 21/(-49). Give s(l).
11
Let p = -203 + 202. Let x(b) = -24*b**3 - 2*b**2 - 2*b - 1. Determine x(p).
23
Let n(p) = p**3 - 4*p**2 - 4*p - 9. Let u be 6 + 1 - (-2 + 4). Give n(u).
-4
Let w(d) be the second derivative of d**5/20 + d**4/12 - d**3/6 - 33*d**2/2 + 211*d. Determine w(0).
-33
Suppose 0 = 5*g - 12 - 8. Let l(y) = 16*y - 75. Let t be l(5). Suppose -j - 3*j = 5*i - g, 0 = j - t*i - 26. Let r(p) = -p**3 + 6*p**2 + p - 1. Give r(j).
5
Suppose -3 = -5*u + 2*u. Let d(a) = 3*a**2 + a - u + 2*a - 2*a**2 - 6*a. Determine d(6).
17
Let s(k) = 6*k**3. Suppose p - 15 = 6*p + 4*a, 2*p - 4*a = 22. Calculate s(p).
6
Let d(b) = -b**3 + b**2 + 22. Let s = 313 - 313. What is d(s)?
22
Suppose u + 9 = 2*s, 26 = -4*u + 2*s - 4*s. Let o(r) = r**2 + 7*r + 6. Let d be o(u). Let j(p) = -p**3 + 7*p**2 - 3*p - 5. Determine j(d).
13
Let v(r) = r + 9. Let z(f) = f**2 - f. Let b be z(1). Let s be v(b). Let h = -12 + s. Let d(j) = j**2 + 4*j + 2. Give d(h).
-1
Let f(d) = -15*d + 26*d + 6*d**2 + 11 - 7*d**2. What is f(12)?
-1
Let l(a) = a**3 + 6*a**2 - a - 1. Let v be (56/(-35))/((-2)/65). Suppose -4*i - 4 = -v. Suppose -3*o - i = -o. Calculate l(o).
5
Let x(o) be the third derivative of -o**4/8 + 7*o**3/6 - 137*o**2. Calculate x(6).
-11
Let x = -224 + 224. Let z(v) = v + 9. What is z(x)?
9
Let b be (-1)/(-4) - ((-195)/20)/13. Let s(f) = -3*f + 5 + f - 8. Let q(p) = 3*p + 4. Let r(j) = -3*q(j) - 4*s(j). Determine r(b).
-1
Suppose 0 = -12*x + 13*x - 2. Let q(u) be the third derivative of 1/3*u**3 + 5*u**2 - 1/30*u**5 + 0*u - 1/24*u**4 + 1/120*u**6 + 0. Calculate q(x).
0
Let o(k) = 2*k**3 - k**2 - k. Suppose 4*a - 34*a = 30. Calculate o(a).
-2
Let a(c) = 4 - 3 - 2 - 6 - c + 0. What is a(8)?
-15
Let t(k) = 17 + 0*k - 2*k - 74 + 29 + 13. Calculate t(-5).
-5
Let i(n) = -2*n + 32. Let z be 876/73 - 4/(-2). Determine i(z).
4
Let p(f) be the second derivative of 5*f**3/6 + 9*f**2/2 + 73*f. Give p(-7).
-26
Let a(f) = -f**3 - 7*f**2 - 8*f + 1. Suppose 0 = 5*x - 3*j - j - 130, -5*j + 115 = 3*x. Suppose 0 = -4*i - i - x. Give a(i).
13
Let v = -7 - -7. Suppose 5*l - 25 = 3*t, -3*l + 26 = -v*l - 4*t. Suppose -u + 3*u + 5*r + 18 = 0, u = l*r. Let j(y) = y + 1. Determine j(u).
-3
Let h = 0 + 23. Let g = -19 + h. Let k(a) = -3 - 2*a + g*a + 2 + 4. Calculate k(-6).
-9
Let b = -17 - -20. Let r(u) = b*u - 5*u + u. Determine r(1).
-1
Let h(j) = -j**3 + 5*j**2 + 2*j + 2. Let l be h(5). Let z(i) = -11 + 3*i + l - 7 - 6*i. Calculate z(-4).
6
Let l(x) = 2*x - 2. Suppose -3*a + 4 = 4*r, -5*r + 0*r - 5*a = 0. Let g be l(r). Let f(m) = -m**2 + 5*m. Calculate f(g).
-6
Suppose 886 - 850 = -6*n. Let v(s) = s**3 + 7*s**2 + 5*s - 6. What is v(n)?
0
Let u(d) = 3*d + 1. Let i(g) = -23*g - 438. Let f be i(-19). Determine u(f).
-2
Suppose u + 84 = -11*u. Let r(i) = -i**3 - 7*i**2 - 4*i - 10. What is r(u)?
18
Let p(q) = -q - 9. Let h(m) = 12*m - 11. Let x be h(4). Suppose -4*d - x = 3*s - 4, 0 = -4*s + 5*d - 13. Determine p(s).
-2
Let t(i) = 3*i**2 - i**3 + 1 - 3*i**2 - 2*i**2. Suppose -2*d + o = 6, -4*o - 1449 = -1465. What is t(d)?
0
Let o(k) = -k**2 + 9*k + 2. Let n = 109 - 100. Calculate o(n).
2
Let z(m) = 2*m + 3*m**2 - 5*m**2 - m - 13*m**2. Let o(w) be the first derivative of w**2/2 + 5*w - 1. Let x be o(-4). Give z(x).
-14
Let a(l) = l**3 - 7*l**2 - 8*l - 3. Suppose 13 + 11 = 3*s. Let d be a(s). Let c(x) = 2*x**3 - 6*x + 3 - x**3 + 3*x**2 + 4*x. Determine c(d).
9
Let r(i) = -i**3 + 8*i**2 - i + 11. Let o(w) = 2*w + 5 - 4 - 2*w + w. Let q be o(7). Calculate r(q).
3
Let u(k) = -7*k + 44. Let j be u(6). Let r(c) = -5*c + 1. Let g(a) = -66*a + 12. Let f(i) = -2*g(i) + 27*r(i). Calculate f(j).
-3
Suppose -26 = 5*t + 4*o, 2 = -2*t - 2*o - 8. Let m be (-27)/6*t/(-9). Let k(w) be the first derivative of w**3/3 + w**2 + 3*w + 10. Give k(m).
6
Let j(k) = 36 - 5*k - 30 + 6*k. Suppose 0 = 3*p + 6, -o = -5*p - 5 + 1. What is j(o)?
0
Let v(a) be the third derivative of -a**6/360 + a**5/24 + a**4/4 - 21*a**2. Let z(j) be the second derivative of v(j). What is z(-5)?
15
Let f(h) = -18*h - 14. Let y be f(-2). Let b(z) = -7 + 5*z - y*z + z**2 + 6*z + 5*z. Suppose m - 6*m = -30. What is b(m)?
-7
Let j(o) be the third derivative of -1/120*o**6 + 5/3*o**3 + 0*o - 1/10*o**5 + 17*o**2 + 0 + 1/3*o**4. What is j(-7)?
3
Let j(l) = -2*l**2 + 5*l + 1. Let b(c) = c**2 - 3*c - 6. Let h be b(5). Let v be j(h). Let g(w) = -2*w - 16. Give g(v).
6
Let d(l) = 2*l**2 + 6*l. Let r be d(-4). Let i = r + -8. Suppose 5*t + 3*f = 22, i*t + 2*t + 12 = 4*f. Let o(s) = 2*s + 2. Give o(t).
6
Let v(m) = 48 - 19 - 83*m - 81*m + 161*m. Calculate v(8).
5
Suppose -5*x + 2 + 18 = 0. Let j be -4 + 1/(x/(-8)). Let v(n) = -n**3 - 6*n**2 + 4. What is v(j)?
4
Let s be -38*1/(-2) + 4. Let t = 21 - s. Let i(d) = -d**3 - 5*d**2 - 3*d. Give i(t).
-6
Let a(r) =